)/(-9) + f/18. Let l(x) = 4 - x - 4*x + 0*x + x**3 - 4*x**2 + 2*x**2. What is l(m)?
-2
Let c(s) = s**3 + s**2 - s + 3. Suppose 5*t = 23 + 27. Let y be t/15 - (-4)/(-6). Determine c(y).
3
Let m(f) = f**2 + 8*f + 7. Let u = -3 + 6. Suppose -5*j - 10 = 2*v, -7 = u*v + 3*j - 1. Suppose 2*n + v*n + 12 = 0. Determine m(n).
-5
Let i(s) = -3*s**3 + 6*s**2 - 4. Let h(g) = 4*g**3 - 7*g**2 + 4. Let l(b) = 2*h(b) + 3*i(b). Calculate l(3).
5
Let b(q) = 16 - 7*q - 38 + 19. What is b(-2)?
11
Let a(d) = -d**3 - 6*d**2 + 4. Let o(i) = -2*i**3 + 5*i**2 + 2*i + 1. Let x(g) = -g**3 - 1. Let v(u) = o(u) - 3*x(u). Let w be v(-5). What is a(w)?
4
Suppose -2 = -2*y + 4*y. Let n be y*(1 - 3 - -4). Let j(l) = -l. Let v(s) = -s**2 - s - 1. Let c(x) = j(x) - v(x). What is c(n)?
5
Let m(b) = b. Let h(a) = -2*a - 7. Let v(c) = -h(c) - 4*m(c). What is v(6)?
-5
Let n(d) be the third derivative of 0 + 2*d**2 + 1/120*d**6 + 1/60*d**5 + 1/6*d**3 + 0*d - 1/8*d**4. Calculate n(-3).
-8
Let n = -9 + 14. Let l(h) = -7*h**2 + 4*h**3 + 0*h**3 - h + n + 0*h**2 - 3*h**3. Calculate l(7).
-2
Let k(u) = 5*u**2 - 10*u**2 + 4*u**2 - 14. Give k(0).
-14
Let i(z) = -3*z - 1. Let j be i(1). Let f(o) = o**2 + 4*o + 5. Let r be f(j). Let u(k) = 2*k - 3. Give u(r).
7
Let d(k) = -4*k**3 + 4*k**2 - 2*k + 7. Let b(h) = 5*h**3 - 5*h**2 + 3*h - 7. Let j(a) = -3*b(a) - 4*d(a). Let q = 7 - 7. What is j(q)?
-7
Suppose 3 = x - 1. Suppose 3*j + 0 = -p + x, -3*p + 5 = 2*j. Let w(d) = -9*d**2. Give w(j).
-9
Let o(c) = 152 - 75 - c - 74. Calculate o(-8).
11
Let h be (4/(5 - 1))/(-1). Let k(y) = -7*y**2 + y - 3. Let n(g) = 14*g**2 - 2*g + 5. Let u(p) = 5*k(p) + 3*n(p). Determine u(h).
8
Let v(b) = b**3 + 4*b**2 - 3. Let j(g) = -g + 1. Let m be j(4). Give v(m).
6
Let s(c) = c. Suppose 24 = 5*p - 6. Suppose -2*z = -p*z. Give s(z).
0
Let k = -42 + 39. Let x(n) = -n + 1. Give x(k).
4
Let b(i) = 3*i. Suppose 0 = 2*c + 3 + 1. Let d be -1 + c + 3 + 1. Give b(d).
3
Let m(w) be the third derivative of -w**6/40 + w**5/20 - w**4/12 - w**3/6 - 26*w**2. What is m(2)?
-17
Let a(g) be the third derivative of -g**4/6 + g**3/3 + 38*g**2. Determine a(-3).
14
Suppose 0*x + 3 = x. Let w(s) = -1 + 2*s**2 + x + 6*s - s**2. Suppose 0 = 2*l + 10. Calculate w(l).
-3
Suppose -5*p + 5*f + 15 = 50, -5*p + 4*f - 37 = 0. Let g = p - -8. Let y(r) = -8*r**2 - 4*r - 6*r**3 + r + 6*r**2 + 2*r. What is y(g)?
5
Let m = 1 - 4. Let v = m + 5. Let k(q) = v*q - 2*q + 4 - 2*q**2 - 3 - 6*q**3. Give k(-1).
5
Let l(n) = 0 + 8 - n**2 - 1. Let w = 10 - 6. Suppose -w*i + 2*p = 3*p, -3*p = 2*i. Determine l(i).
7
Suppose 3*x = 9 + 3. Suppose -3*i - 2*g = -5, -2*g + x*g = 4*i - 2. Let m(b) = -6*b + 1. Calculate m(i).
-5
Let h(c) = -c - 10. Let q(l) = -l + 10. Let b be q(8). Let r be 1/(51/27 - b). Let o be h(r). Let m(u) = 9*u**2 - 2*u - 1. What is m(o)?
10
Let v(u) = -8*u + 3. Let k = -91 - -93. Give v(k).
-13
Let g(s) be the third derivative of 0*s + 0 - 1/12*s**4 + 1/240*s**6 + s**2 + 0*s**3 + 1/30*s**5. Let a(q) be the second derivative of g(q). Calculate a(-3).
-5
Let v be 4/(-6)*(-3)/2. Let y(x) be the third derivative of -5*x**4/24 + x**3/6 - x**2. What is y(v)?
-4
Suppose n + 4*n + 10 = 0. Let h be ((-2)/(-4))/(n/16). Let c(r) = -r**3 - 3*r**2 + 3*r - 3. What is c(h)?
1
Let z(j) = -j - 3. Suppose 3*v + 22 = -5*r + 64, -4*r = 3*v - 36. Determine z(r).
-9
Let u(n) = 2*n**3 + 3*n**2 + n. Suppose -2*l + 7*l - 10 = 0. Suppose -3*p - 2*v = 3, -l*p + 4*v = 8*v - 6. Let y be (-4)/p*(-9)/6. Give u(y).
-6
Let u(p) = p**3 + 4*p**2 + 4*p + 3. Let b be u(-2). Let q(a) = 3*a - b*a + a - 1 - 7*a. Calculate q(1).
-7
Let f(b) = 9*b - 9. Let x(d) = -50*d + 50. Let z(w) = 7*w - 7. Let r(s) = -2*x(s) - 15*z(s). Let v(c) = -3*f(c) - 5*r(c). Give v(5).
-8
Let n(i) = -i - 2. Let s(d) = d**3 - 4*d**2 + d - 2. Let w be s(4). Determine n(w).
-4
Let j(t) be the second derivative of -t**3/3 + t**2/2 + 7*t. Calculate j(1).
-1
Let z(j) be the first derivative of -j**4/2 - j**3 - j**2 - 2*j - 8. What is z(-2)?
6
Let h(c) = c - 4. Suppose -3*j = -8*j. Let o be (-1 - j)/(1/(-2)). Suppose -17 = -5*q - o*m, -q - 5*m = q - 11. What is h(q)?
-1
Let i(a) = a**3 - 5*a - 1. Let m(h) = h. Let f(q) = i(q) + 5*m(q). Calculate f(1).
0
Let o(q) = 2*q**3 - 1 + 0 - 2*q**3 - q**3. Determine o(-2).
7
Suppose 0 = -n - 2*n + 2*d - 8, -17 = 2*n + d. Let p = n + 8. Let c(v) = 2 + 3*v + 0*v + 2*v**p - v**2 - 4. Give c(-5).
8
Let q = -3 - -5. Let n(d) = 5*d - d - q*d + 3 - d. Calculate n(-3).
0
Let i(f) = -2*f - 4. Suppose k - 2*k - 7 = 0. What is i(k)?
10
Let y(d) = -d + 5. Let l be y(5). Let n(g) = -g - 1. Determine n(l).
-1
Let h(m) = 2*m**2 + 2*m - 4. Let g(w) = -w**2 + 9*w - 2. Let p be g(7). Suppose -9*d + p = -13*d. Determine h(d).
8
Let k(w) = 11*w**2 - w - 2. Let r(j) = j + 1. Let o(h) = k(h) + 2*r(h). What is o(1)?
12
Let r = 7 - 11. Let y(l) = 2*l**2 + 2*l + 3. Let s(t) = -t**2 - 1. Suppose 3*h - h + 5*f + 23 = 0, 3*h + 4*f + 17 = 0. Let m(w) = h*y(w) + s(w). Give m(r).
10
Let g(c) = 4*c**2 + c + 4. Let y be g(0). Let k(n) be the first derivative of -n**4/4 + n**3 + 5*n**2/2 - 1. Give k(y).
4
Let b be ((-1)/2)/((-1)/(-4)). Let h(q) = q**2 + 3*q - 2. Let z be h(1). Let j(l) = -4*l - 2 - 2*l + 2*l - 3*l**3 + 4*l**3 - z*l**2. What is j(b)?
-10
Let w(s) = -s - 9. Let l(v) = -2*v - 8. Let a(d) = 6*l(d) - 5*w(d). Calculate a(-2).
11
Let a(y) = 37*y**2 + 40*y**2 + y**3 - 72*y**2 + 5*y. Let t(r) = r**2 + 2*r + 6. Let g be t(-4). Suppose 3*z + g - 2 = 0. What is a(z)?
-4
Suppose -7 = -3*q + b, -3*b - 10 - 2 = 0. Let s(t) be the third derivative of t**5/30 + t**4/12 - t**3/6 - t**2. What is s(q)?
3
Let i = -21 - 3. Let f be 6/21 + i/(-14). Let g(p) = p + 51 + 50 - p**3 + p**2 - 100. What is g(f)?
-1
Let g(a) = -4*a**3 + a**2 - a. Let d = -2 - -3. Calculate g(d).
-4
Let y(s) be the second derivative of -s**5/120 + s**4/4 - s**3/2 + 3*s. Let v(p) be the second derivative of y(p). Calculate v(0).
6
Let k(c) be the second derivative of 5*c**4/12 + c**3/6 - 3*c**2 + c. Let t(r) = -11*r**2 - 3*r + 12. Let x(o) = 9*k(o) + 4*t(o). What is x(5)?
4
Let c(j) = j**3 - 9*j**2 + 9*j - 8. Let u be c(8). Let x(h) be the second derivative of h + u + 0*h**3 + 1/20*h**5 + 5/12*h**4 + 7/2*h**2. Calculate x(-5).
7
Let n(z) = -z - 3. Let p(u) = -2*u - 7. Let m(l) = -5*n(l) + 2*p(l). Calculate m(6).
7
Suppose -3*b = -3*p - 1 - 2, -b = 2. Let l be 0/(-4 - p) - 4. Let y(f) = -2*f + 1. Determine y(l).
9
Let z(k) = k**3 + 3*k**2 + 2*k + 1. Let p = 1 - -1. Let g = 4 - p. Let o be 2*g/4 + -3. What is z(o)?
1
Let a be -3 - -1 - (3 - 6). Suppose 4*b = -a - 7. Let g(z) = 4*z. Calculate g(b).
-8
Let h(u) be the second derivative of 2*u - 5/6*u**3 + 0 + 1/12*u**4 - 4*u**2. Calculate h(7).
6
Let g(w) = w - 4. Let r be g(7). Let s(l) = 4*l**r + 4 + 3*l**2 - 2*l**2 + 3*l**3 - 5. Let c = 1 + -2. Give s(c).
-7
Let g(s) be the second derivative of -2/3*s**3 - s**2 + 0 + s. What is g(-2)?
6
Let y(z) = -4*z**3 - z. Let i be y(-1). Let n = 0 + i. Let h(l) = -l - 5 - 4*l**2 - 3*l + 5*l**2. Determine h(n).
0
Let g(m) = m + 3. Suppose -4*q + q + 18 = 0. Suppose 0 = -2*h + q + 2. Give g(h).
7
Let m(c) be the third derivative of 0*c - 5*c**2 + 2/3*c**3 + 0 - 1/12*c**4. Give m(3).
-2
Let t be (4/3)/((-12)/(-18)). Suppose t*c = c - 4. Let f(o) = -o**3 - 3*o**2 + 2*o - 1. What is f(c)?
7
Let r(h) = h**3 + 3*h**2 - 4*h - 5. Let a be r(-4). Let p(x) = 6*x + 24. Let z(q) = 2*q + 8. Let w(u) = a*p(u) + 14*z(u). Give w(-6).
4
Let u(j) be the second derivative of -j**7/840 + j**6/90 + j**5/120 - j**4/24 - j**3/3 - 2*j. Let h(f) be the second derivative of u(f). Give h(4).
3
Let t(m) = -16*m**3 + 2*m**2 + 2*m + 2. Let r(d) = -16*d**3 + 3*d**2 + 3*d + 3. Let i(z) = -3*r(z) + 4*t(z). Let q be (-1 + 1 - -1)*-1. What is i(q)?
15
Let k(r) = r + 2. Suppose 0 = -3*c + 17 + 10. Suppose -h = -g, h + 1 = -g - c. What is k(g)?
-3
Let k = 14 + -21. Let f be (k - -5) + 1*4. Suppose u - f*u - 4*t - 21 = 0, 5*u - 3*t = -13. Let v(z) = -z**3 - 5*z**2 + z + 4. Give v(u).
-1
Let h(w) = 4*w**2 + 2*w - 8. Let t(v) = -3*v**2 - v + 7. Let g(j) = 2*h(j) + 3*t(j). Give g(0).
5
Let p(d) be the third derivative of d**4/12 - 2*d**2. What is p(-5)?
-10
Let k(a) be the third derivative of -a**6/120 - a**5/30 - a**4/24 + a**3/6 - 6*a**2. Calculate k(-2).
3
Suppose 0 = -3*q, -f = -0*q + q